{"id":11142,"date":"2026-04-08T13:26:31","date_gmt":"2026-04-08T17:26:31","guid":{"rendered":"https:\/\/cidreduquebec.com\/semaineducidre\/?post_type=activites&#038;p=11142"},"modified":"2026-04-13T11:19:14","modified_gmt":"2026-04-13T15:19:14","slug":"biererie-shelton-accueille-cidrerie-milton-en-degustation-party-douverture-de-terrasse","status":"publish","type":"activites","link":"https:\/\/cidreduquebec.com\/semaineducidre\/activites\/biererie-shelton-accueille-cidrerie-milton-en-degustation-party-douverture-de-terrasse\/","title":{"rendered":"Bi\u00e8rerie Shelton accueille Cidrerie Milton en d\u00e9gustation &#038; party d&rsquo;ouverture de terrasse!"},"content":{"rendered":"<p>D\u00e9gustez les nouveaut\u00e9s estivales de la Bi\u00e8rerie Shelton en formule kiosque et c\u00e9l\u00e9brez l\u2019ouverture de la terrasse! La soir\u00e9e se poursuit \u00e0 partir de 19 h 30 avec de la musique live de l\u2019artiste local <a href=\"https:\/\/www.facebook.com\/profile.php?id=100087181735061\">Nik Segoya<\/a>.<\/p>\n","protected":false},"featured_media":11143,"template":"","class_list":["post-11142","activites","type-activites","status-publish","has-post-thumbnail"],"acf":[],"yoast_head":"<!-- This site is optimized with the Yoast SEO plugin v27.3 - https:\/\/yoast.com\/product\/yoast-seo-wordpress\/ -->\n<title>Bi\u00e8rerie Shelton accueille Cidrerie Milton en d\u00e9gustation &amp; party d&#039;ouverture de terrasse! - Semaine du cidre du Qu\u00e9bec<\/title>\n<meta name=\"robots\" content=\"noindex, follow\" \/>\n<meta property=\"og:locale\" content=\"fr_CA\" \/>\n<meta property=\"og:type\" content=\"article\" \/>\n<meta property=\"og:title\" content=\"Bi\u00e8rerie Shelton accueille Cidrerie Milton en d\u00e9gustation &amp; party d&#039;ouverture de terrasse! - Semaine du cidre du Qu\u00e9bec\" \/>\n<meta property=\"og:description\" content=\"D\u00e9gustez les nouveaut\u00e9s estivales de la Bi\u00e8rerie Shelton en formule kiosque et c\u00e9l\u00e9brez l\u2019ouverture de la terrasse! La soir\u00e9e se poursuit \u00e0 partir de 19...\" \/>\n<meta property=\"og:url\" content=\"https:\/\/cidreduquebec.com\/semaineducidre\/activites\/biererie-shelton-accueille-cidrerie-milton-en-degustation-party-douverture-de-terrasse\/\" \/>\n<meta property=\"og:site_name\" content=\"Semaine du cidre du Qu\u00e9bec\" \/>\n<meta property=\"article:publisher\" content=\"https:\/\/www.facebook.com\/cidreduquebec\" \/>\n<meta property=\"article:modified_time\" content=\"2026-04-13T15:19:14+00:00\" \/>\n<meta property=\"og:image\" content=\"https:\/\/cidreduquebec.com\/semaineducidre\/wp-content\/uploads\/2026\/04\/Cover-Shelton-2026.jpg\" \/>\n\t<meta property=\"og:image:width\" content=\"960\" \/>\n\t<meta property=\"og:image:height\" content=\"362\" \/>\n\t<meta property=\"og:image:type\" content=\"image\/jpeg\" \/>\n<meta name=\"twitter:card\" content=\"summary_large_image\" \/>\n<meta name=\"twitter:label1\" content=\"Estimation du temps de lecture\" \/>\n\t<meta name=\"twitter:data1\" content=\"1 minute\" \/>\n<script type=\"application\/ld+json\" class=\"yoast-schema-graph\">{\"@context\":\"https:\\\/\\\/schema.org\",\"@graph\":[{\"@type\":\"WebPage\",\"@id\":\"https:\\\/\\\/cidreduquebec.com\\\/semaineducidre\\\/activites\\\/biererie-shelton-accueille-cidrerie-milton-en-degustation-party-douverture-de-terrasse\\\/\",\"url\":\"https:\\\/\\\/cidreduquebec.com\\\/semaineducidre\\\/activites\\\/biererie-shelton-accueille-cidrerie-milton-en-degustation-party-douverture-de-terrasse\\\/\",\"name\":\"Bi\u00e8rerie Shelton accueille Cidrerie Milton en d\u00e9gustation & party d'ouverture de terrasse! - Semaine du cidre du Qu\u00e9bec\",\"isPartOf\":{\"@id\":\"https:\\\/\\\/cidreduquebec.com\\\/semaineducidre\\\/#website\"},\"primaryImageOfPage\":{\"@id\":\"https:\\\/\\\/cidreduquebec.com\\\/semaineducidre\\\/activites\\\/biererie-shelton-accueille-cidrerie-milton-en-degustation-party-douverture-de-terrasse\\\/#primaryimage\"},\"image\":{\"@id\":\"https:\\\/\\\/cidreduquebec.com\\\/semaineducidre\\\/activites\\\/biererie-shelton-accueille-cidrerie-milton-en-degustation-party-douverture-de-terrasse\\\/#primaryimage\"},\"thumbnailUrl\":\"https:\\\/\\\/cidreduquebec.com\\\/semaineducidre\\\/wp-content\\\/uploads\\\/2026\\\/04\\\/Cover-Shelton-2026.jpg\",\"datePublished\":\"2026-04-08T17:26:31+00:00\",\"dateModified\":\"2026-04-13T15:19:14+00:00\",\"breadcrumb\":{\"@id\":\"https:\\\/\\\/cidreduquebec.com\\\/semaineducidre\\\/activites\\\/biererie-shelton-accueille-cidrerie-milton-en-degustation-party-douverture-de-terrasse\\\/#breadcrumb\"},\"inLanguage\":\"fr-CA\",\"potentialAction\":[{\"@type\":\"ReadAction\",\"target\":[\"https:\\\/\\\/cidreduquebec.com\\\/semaineducidre\\\/activites\\\/biererie-shelton-accueille-cidrerie-milton-en-degustation-party-douverture-de-terrasse\\\/\"]}]},{\"@type\":\"ImageObject\",\"inLanguage\":\"fr-CA\",\"@id\":\"https:\\\/\\\/cidreduquebec.com\\\/semaineducidre\\\/activites\\\/biererie-shelton-accueille-cidrerie-milton-en-degustation-party-douverture-de-terrasse\\\/#primaryimage\",\"url\":\"https:\\\/\\\/cidreduquebec.com\\\/semaineducidre\\\/wp-content\\\/uploads\\\/2026\\\/04\\\/Cover-Shelton-2026.jpg\",\"contentUrl\":\"https:\\\/\\\/cidreduquebec.com\\\/semaineducidre\\\/wp-content\\\/uploads\\\/2026\\\/04\\\/Cover-Shelton-2026.jpg\",\"width\":960,\"height\":362},{\"@type\":\"BreadcrumbList\",\"@id\":\"https:\\\/\\\/cidreduquebec.com\\\/semaineducidre\\\/activites\\\/biererie-shelton-accueille-cidrerie-milton-en-degustation-party-douverture-de-terrasse\\\/#breadcrumb\",\"itemListElement\":[{\"@type\":\"ListItem\",\"position\":1,\"name\":\"Home\",\"item\":\"https:\\\/\\\/cidreduquebec.com\\\/semaineducidre\\\/\"},{\"@type\":\"ListItem\",\"position\":2,\"name\":\"Bi\u00e8rerie Shelton accueille Cidrerie Milton en d\u00e9gustation &#038; party d&rsquo;ouverture de terrasse!\"}]},{\"@type\":\"WebSite\",\"@id\":\"https:\\\/\\\/cidreduquebec.com\\\/semaineducidre\\\/#website\",\"url\":\"https:\\\/\\\/cidreduquebec.com\\\/semaineducidre\\\/\",\"name\":\"Semaine du cidre du Qu\u00e9bec\",\"description\":\"Producteurs de cidre du Qu\u00e9bec\",\"publisher\":{\"@id\":\"https:\\\/\\\/cidreduquebec.com\\\/semaineducidre\\\/#organization\"},\"potentialAction\":[{\"@type\":\"SearchAction\",\"target\":{\"@type\":\"EntryPoint\",\"urlTemplate\":\"https:\\\/\\\/cidreduquebec.com\\\/semaineducidre\\\/?s={search_term_string}\"},\"query-input\":{\"@type\":\"PropertyValueSpecification\",\"valueRequired\":true,\"valueName\":\"search_term_string\"}}],\"inLanguage\":\"fr-CA\"},{\"@type\":\"Organization\",\"@id\":\"https:\\\/\\\/cidreduquebec.com\\\/semaineducidre\\\/#organization\",\"name\":\"SEMAINE DU CIDRE DU QU\u00c9BEC\",\"url\":\"https:\\\/\\\/cidreduquebec.com\\\/semaineducidre\\\/\",\"logo\":{\"@type\":\"ImageObject\",\"inLanguage\":\"fr-CA\",\"@id\":\"https:\\\/\\\/cidreduquebec.com\\\/semaineducidre\\\/#\\\/schema\\\/logo\\\/image\\\/\",\"url\":\"https:\\\/\\\/cidreduquebec.com\\\/semaineducidre\\\/wp-content\\\/uploads\\\/2022\\\/03\\\/SDC2022-Logo-Marine-SansDate.png\",\"contentUrl\":\"https:\\\/\\\/cidreduquebec.com\\\/semaineducidre\\\/wp-content\\\/uploads\\\/2022\\\/03\\\/SDC2022-Logo-Marine-SansDate.png\",\"width\":1200,\"height\":1200,\"caption\":\"SEMAINE DU CIDRE DU QU\u00c9BEC\"},\"image\":{\"@id\":\"https:\\\/\\\/cidreduquebec.com\\\/semaineducidre\\\/#\\\/schema\\\/logo\\\/image\\\/\"},\"sameAs\":[\"https:\\\/\\\/www.facebook.com\\\/cidreduquebec\",\"https:\\\/\\\/www.instagram.com\\\/cidreduquebec\"]}]}<\/script>\n<!-- \/ Yoast SEO plugin. -->","yoast_head_json":{"title":"Bi\u00e8rerie Shelton accueille Cidrerie Milton en d\u00e9gustation & party d'ouverture de terrasse! - Semaine du cidre du Qu\u00e9bec","robots":{"index":"noindex","follow":"follow"},"og_locale":"fr_CA","og_type":"article","og_title":"Bi\u00e8rerie Shelton accueille Cidrerie Milton en d\u00e9gustation & party d'ouverture de terrasse! - Semaine du cidre du Qu\u00e9bec","og_description":"D\u00e9gustez les nouveaut\u00e9s estivales de la Bi\u00e8rerie Shelton en formule kiosque et c\u00e9l\u00e9brez l\u2019ouverture de la terrasse! La soir\u00e9e se poursuit \u00e0 partir de 19...","og_url":"https:\/\/cidreduquebec.com\/semaineducidre\/activites\/biererie-shelton-accueille-cidrerie-milton-en-degustation-party-douverture-de-terrasse\/","og_site_name":"Semaine du cidre du Qu\u00e9bec","article_publisher":"https:\/\/www.facebook.com\/cidreduquebec","article_modified_time":"2026-04-13T15:19:14+00:00","og_image":[{"width":960,"height":362,"url":"https:\/\/cidreduquebec.com\/semaineducidre\/wp-content\/uploads\/2026\/04\/Cover-Shelton-2026.jpg","type":"image\/jpeg"}],"twitter_card":"summary_large_image","twitter_misc":{"Estimation du temps de lecture":"1 minute"},"schema":{"@context":"https:\/\/schema.org","@graph":[{"@type":"WebPage","@id":"https:\/\/cidreduquebec.com\/semaineducidre\/activites\/biererie-shelton-accueille-cidrerie-milton-en-degustation-party-douverture-de-terrasse\/","url":"https:\/\/cidreduquebec.com\/semaineducidre\/activites\/biererie-shelton-accueille-cidrerie-milton-en-degustation-party-douverture-de-terrasse\/","name":"Bi\u00e8rerie Shelton accueille Cidrerie Milton en d\u00e9gustation & party d'ouverture de terrasse! - Semaine du cidre du Qu\u00e9bec","isPartOf":{"@id":"https:\/\/cidreduquebec.com\/semaineducidre\/#website"},"primaryImageOfPage":{"@id":"https:\/\/cidreduquebec.com\/semaineducidre\/activites\/biererie-shelton-accueille-cidrerie-milton-en-degustation-party-douverture-de-terrasse\/#primaryimage"},"image":{"@id":"https:\/\/cidreduquebec.com\/semaineducidre\/activites\/biererie-shelton-accueille-cidrerie-milton-en-degustation-party-douverture-de-terrasse\/#primaryimage"},"thumbnailUrl":"https:\/\/cidreduquebec.com\/semaineducidre\/wp-content\/uploads\/2026\/04\/Cover-Shelton-2026.jpg","datePublished":"2026-04-08T17:26:31+00:00","dateModified":"2026-04-13T15:19:14+00:00","breadcrumb":{"@id":"https:\/\/cidreduquebec.com\/semaineducidre\/activites\/biererie-shelton-accueille-cidrerie-milton-en-degustation-party-douverture-de-terrasse\/#breadcrumb"},"inLanguage":"fr-CA","potentialAction":[{"@type":"ReadAction","target":["https:\/\/cidreduquebec.com\/semaineducidre\/activites\/biererie-shelton-accueille-cidrerie-milton-en-degustation-party-douverture-de-terrasse\/"]}]},{"@type":"ImageObject","inLanguage":"fr-CA","@id":"https:\/\/cidreduquebec.com\/semaineducidre\/activites\/biererie-shelton-accueille-cidrerie-milton-en-degustation-party-douverture-de-terrasse\/#primaryimage","url":"https:\/\/cidreduquebec.com\/semaineducidre\/wp-content\/uploads\/2026\/04\/Cover-Shelton-2026.jpg","contentUrl":"https:\/\/cidreduquebec.com\/semaineducidre\/wp-content\/uploads\/2026\/04\/Cover-Shelton-2026.jpg","width":960,"height":362},{"@type":"BreadcrumbList","@id":"https:\/\/cidreduquebec.com\/semaineducidre\/activites\/biererie-shelton-accueille-cidrerie-milton-en-degustation-party-douverture-de-terrasse\/#breadcrumb","itemListElement":[{"@type":"ListItem","position":1,"name":"Home","item":"https:\/\/cidreduquebec.com\/semaineducidre\/"},{"@type":"ListItem","position":2,"name":"Bi\u00e8rerie Shelton accueille Cidrerie Milton en d\u00e9gustation &#038; party d&rsquo;ouverture de terrasse!"}]},{"@type":"WebSite","@id":"https:\/\/cidreduquebec.com\/semaineducidre\/#website","url":"https:\/\/cidreduquebec.com\/semaineducidre\/","name":"Semaine du cidre du Qu\u00e9bec","description":"Producteurs de cidre du Qu\u00e9bec","publisher":{"@id":"https:\/\/cidreduquebec.com\/semaineducidre\/#organization"},"potentialAction":[{"@type":"SearchAction","target":{"@type":"EntryPoint","urlTemplate":"https:\/\/cidreduquebec.com\/semaineducidre\/?s={search_term_string}"},"query-input":{"@type":"PropertyValueSpecification","valueRequired":true,"valueName":"search_term_string"}}],"inLanguage":"fr-CA"},{"@type":"Organization","@id":"https:\/\/cidreduquebec.com\/semaineducidre\/#organization","name":"SEMAINE DU CIDRE DU QU\u00c9BEC","url":"https:\/\/cidreduquebec.com\/semaineducidre\/","logo":{"@type":"ImageObject","inLanguage":"fr-CA","@id":"https:\/\/cidreduquebec.com\/semaineducidre\/#\/schema\/logo\/image\/","url":"https:\/\/cidreduquebec.com\/semaineducidre\/wp-content\/uploads\/2022\/03\/SDC2022-Logo-Marine-SansDate.png","contentUrl":"https:\/\/cidreduquebec.com\/semaineducidre\/wp-content\/uploads\/2022\/03\/SDC2022-Logo-Marine-SansDate.png","width":1200,"height":1200,"caption":"SEMAINE DU CIDRE DU QU\u00c9BEC"},"image":{"@id":"https:\/\/cidreduquebec.com\/semaineducidre\/#\/schema\/logo\/image\/"},"sameAs":["https:\/\/www.facebook.com\/cidreduquebec","https:\/\/www.instagram.com\/cidreduquebec"]}]}},"_links":{"self":[{"href":"https:\/\/cidreduquebec.com\/semaineducidre\/wp-json\/wp\/v2\/activites\/11142","targetHints":{"allow":["GET"]}}],"collection":[{"href":"https:\/\/cidreduquebec.com\/semaineducidre\/wp-json\/wp\/v2\/activites"}],"about":[{"href":"https:\/\/cidreduquebec.com\/semaineducidre\/wp-json\/wp\/v2\/types\/activites"}],"wp:featuredmedia":[{"embeddable":true,"href":"https:\/\/cidreduquebec.com\/semaineducidre\/wp-json\/wp\/v2\/media\/11143"}],"wp:attachment":[{"href":"https:\/\/cidreduquebec.com\/semaineducidre\/wp-json\/wp\/v2\/media?parent=11142"}],"curies":[{"name":"wp","href":"https:\/\/api.w.org\/{rel}","templated":true}]}}

Bièrerie Shelton accueille Cidrerie Milton en dégustation &#038; party d&rsquo;ouverture de terrasse!

<p>Dégustez les nouveautés estivales de la Bièrerie Shelton en formule kiosque et célébrez l’ouverture de la terrasse! La soirée se poursuit à partir de 19 h 30 avec de la musique live de l’artiste local <a href="https://www.facebook.com/profile.php?id=100087181735061">Nik Segoya</a>.</p>

<!-- This site is optimized with the Yoast SEO plugin v27.3 - https://yoast.com/product/yoast-seo-wordpress/ -->
<title>Bièrerie Shelton accueille Cidrerie Milton en dégustation &amp; party d&#039;ouverture de terrasse! - Semaine du cidre du Québec</title>
<meta name="robots" content="noindex, follow" />
<meta property="og:locale" content="fr_CA" />
<meta property="og:type" content="article" />
<meta property="og:title" content="Bièrerie Shelton accueille Cidrerie Milton en dégustation &amp; party d&#039;ouverture de terrasse! - Semaine du cidre du Québec" />
<meta property="og:description" content="Dégustez les nouveautés estivales de la Bièrerie Shelton en formule kiosque et célébrez l’ouverture de la terrasse! La soirée se poursuit à partir de 19..." />
<meta property="og:url" content="https://cidreduquebec.com/semaineducidre/activites/biererie-shelton-accueille-cidrerie-milton-en-degustation-party-douverture-de-terrasse/" />
<meta property="og:site_name" content="Semaine du cidre du Québec" />
<meta property="article:publisher" content="https://www.facebook.com/cidreduquebec" />
<meta property="article:modified_time" content="2026-04-13T15:19:14+00:00" />
<meta property="og:image" content="https://cidreduquebec.com/semaineducidre/wp-content/uploads/2026/04/Cover-Shelton-2026.jpg" />
	<meta property="og:image:width" content="960" />
	<meta property="og:image:height" content="362" />
	<meta property="og:image:type" content="image/jpeg" />
<meta name="twitter:card" content="summary_large_image" />
<meta name="twitter:label1" content="Estimation du temps de lecture" />
	<meta name="twitter:data1" content="1 minute" />
<script type="application/ld+json" class="yoast-schema-graph">{"@context":"https:\/\/schema.org","@graph":[{"@type":"WebPage","@id":"https:\/\/cidreduquebec.com\/semaineducidre\/activites\/biererie-shelton-accueille-cidrerie-milton-en-degustation-party-douverture-de-terrasse\/","url":"https:\/\/cidreduquebec.com\/semaineducidre\/activites\/biererie-shelton-accueille-cidrerie-milton-en-degustation-party-douverture-de-terrasse\/","name":"Bièrerie Shelton accueille Cidrerie Milton en dégustation & party d'ouverture de terrasse! - Semaine du cidre du Québec","isPartOf":{"@id":"https:\/\/cidreduquebec.com\/semaineducidre\/#website"},"primaryImageOfPage":{"@id":"https:\/\/cidreduquebec.com\/semaineducidre\/activites\/biererie-shelton-accueille-cidrerie-milton-en-degustation-party-douverture-de-terrasse\/#primaryimage"},"image":{"@id":"https:\/\/cidreduquebec.com\/semaineducidre\/activites\/biererie-shelton-accueille-cidrerie-milton-en-degustation-party-douverture-de-terrasse\/#primaryimage"},"thumbnailUrl":"https:\/\/cidreduquebec.com\/semaineducidre\/wp-content\/uploads\/2026\/04\/Cover-Shelton-2026.jpg","datePublished":"2026-04-08T17:26:31+00:00","dateModified":"2026-04-13T15:19:14+00:00","breadcrumb":{"@id":"https:\/\/cidreduquebec.com\/semaineducidre\/activites\/biererie-shelton-accueille-cidrerie-milton-en-degustation-party-douverture-de-terrasse\/#breadcrumb"},"inLanguage":"fr-CA","potentialAction":[{"@type":"ReadAction","target":["https:\/\/cidreduquebec.com\/semaineducidre\/activites\/biererie-shelton-accueille-cidrerie-milton-en-degustation-party-douverture-de-terrasse\/"]}]},{"@type":"ImageObject","inLanguage":"fr-CA","@id":"https:\/\/cidreduquebec.com\/semaineducidre\/activites\/biererie-shelton-accueille-cidrerie-milton-en-degustation-party-douverture-de-terrasse\/#primaryimage","url":"https:\/\/cidreduquebec.com\/semaineducidre\/wp-content\/uploads\/2026\/04\/Cover-Shelton-2026.jpg","contentUrl":"https:\/\/cidreduquebec.com\/semaineducidre\/wp-content\/uploads\/2026\/04\/Cover-Shelton-2026.jpg","width":960,"height":362},{"@type":"BreadcrumbList","@id":"https:\/\/cidreduquebec.com\/semaineducidre\/activites\/biererie-shelton-accueille-cidrerie-milton-en-degustation-party-douverture-de-terrasse\/#breadcrumb","itemListElement":[{"@type":"ListItem","position":1,"name":"Home","item":"https:\/\/cidreduquebec.com\/semaineducidre\/"},{"@type":"ListItem","position":2,"name":"Bièrerie Shelton accueille Cidrerie Milton en dégustation &#038; party d&rsquo;ouverture de terrasse!"}]},{"@type":"WebSite","@id":"https:\/\/cidreduquebec.com\/semaineducidre\/#website","url":"https:\/\/cidreduquebec.com\/semaineducidre\/","name":"Semaine du cidre du Québec","description":"Producteurs de cidre du Québec","publisher":{"@id":"https:\/\/cidreduquebec.com\/semaineducidre\/#organization"},"potentialAction":[{"@type":"SearchAction","target":{"@type":"EntryPoint","urlTemplate":"https:\/\/cidreduquebec.com\/semaineducidre\/?s={search_term_string}"},"query-input":{"@type":"PropertyValueSpecification","valueRequired":true,"valueName":"search_term_string"}}],"inLanguage":"fr-CA"},{"@type":"Organization","@id":"https:\/\/cidreduquebec.com\/semaineducidre\/#organization","name":"SEMAINE DU CIDRE DU QUÉBEC","url":"https:\/\/cidreduquebec.com\/semaineducidre\/","logo":{"@type":"ImageObject","inLanguage":"fr-CA","@id":"https:\/\/cidreduquebec.com\/semaineducidre\/#\/schema\/logo\/image\/","url":"https:\/\/cidreduquebec.com\/semaineducidre\/wp-content\/uploads\/2022\/03\/SDC2022-Logo-Marine-SansDate.png","contentUrl":"https:\/\/cidreduquebec.com\/semaineducidre\/wp-content\/uploads\/2022\/03\/SDC2022-Logo-Marine-SansDate.png","width":1200,"height":1200,"caption":"SEMAINE DU CIDRE DU QUÉBEC"},"image":{"@id":"https:\/\/cidreduquebec.com\/semaineducidre\/#\/schema\/logo\/image\/"},"sameAs":["https:\/\/www.facebook.com\/cidreduquebec","https:\/\/www.instagram.com\/cidreduquebec"]}]}</script>
<!-- / Yoast SEO plugin. -->

Bièrerie Shelton accueille Cidrerie Milton en dégustation & party d'ouverture de terrasse! - Semaine du cidre du Québec

Dégustez les nouveautés estivales de la Bièrerie Shelton en formule kiosque et célébrez l’ouverture de la terrasse! La soirée se poursuit à partir de 19...

Semaine du cidre du Québec

Producteurs de cidre du Québec

SEMAINE DU CIDRE DU QUÉBEC
