{"id":11156,"date":"2026-04-09T16:45:23","date_gmt":"2026-04-09T20:45:23","guid":{"rendered":"https:\/\/cidreduquebec.com\/semaineducidre\/?post_type=activites&#038;p=11156"},"modified":"2026-04-22T09:02:44","modified_gmt":"2026-04-22T13:02:44","slug":"degustation-de-cidre-a-la-saq","status":"publish","type":"activites","link":"https:\/\/cidreduquebec.com\/semaineducidre\/activites\/degustation-de-cidre-a-la-saq\/","title":{"rendered":"D\u00e9gustation de cidre \u00e0 la SAQ"},"content":{"rendered":"<p>Le 15 mai, c&rsquo;est un rendez-vous dans 150 succursales SAQ pour une d\u00e9gustation de cidre!<\/p>\n<p><strong>\u00c0 d\u00e9guster :\u00a0<\/strong><\/p>\n<ul>\n<li>Domaine Lafrance Sangria La Dorada<\/li>\n<li>Cidrerie Michel Jodoin P\u00eache Ananas &#8211; Cidre p\u00e9tillant<\/li>\n<li>Cidre Lacroix Sangria d&rsquo;Ici<\/li>\n<\/ul>\n<p>&nbsp;<\/p>\n","protected":false},"featured_media":11229,"template":"","class_list":["post-11156","activites","type-activites","status-publish","has-post-thumbnail"],"acf":[],"yoast_head":"<!-- This site is optimized with the Yoast SEO plugin v27.3 - https:\/\/yoast.com\/product\/yoast-seo-wordpress\/ -->\n<title>D\u00e9gustation de cidre \u00e0 la SAQ - Semaine du cidre du Qu\u00e9bec<\/title>\n<meta name=\"robots\" content=\"noindex, follow\" \/>\n<meta property=\"og:locale\" content=\"fr_CA\" \/>\n<meta property=\"og:type\" content=\"article\" \/>\n<meta property=\"og:title\" content=\"D\u00e9gustation de cidre \u00e0 la SAQ - Semaine du cidre du Qu\u00e9bec\" \/>\n<meta property=\"og:description\" content=\"Le 15 mai, c&rsquo;est un rendez-vous dans 150 succursales SAQ pour une d\u00e9gustation de cidre! \u00c0 d\u00e9guster :\u00a0 Domaine Lafrance Sangria La Dorada Cidrerie Michel...\" \/>\n<meta property=\"og:url\" content=\"https:\/\/cidreduquebec.com\/semaineducidre\/activites\/degustation-de-cidre-a-la-saq\/\" \/>\n<meta property=\"og:site_name\" content=\"Semaine du cidre du Qu\u00e9bec\" \/>\n<meta property=\"article:publisher\" content=\"https:\/\/www.facebook.com\/cidreduquebec\" \/>\n<meta property=\"article:modified_time\" content=\"2026-04-22T13:02:44+00:00\" \/>\n<meta property=\"og:image\" content=\"https:\/\/cidreduquebec.com\/semaineducidre\/wp-content\/uploads\/2026\/04\/SAQ-degustation.jpg\" \/>\n\t<meta property=\"og:image:width\" content=\"1000\" \/>\n\t<meta property=\"og:image:height\" content=\"630\" \/>\n\t<meta property=\"og:image:type\" content=\"image\/jpeg\" \/>\n<meta name=\"twitter:card\" content=\"summary_large_image\" \/>\n<meta name=\"twitter:label1\" content=\"Estimation du temps de lecture\" \/>\n\t<meta name=\"twitter:data1\" content=\"1 minute\" \/>\n<script type=\"application\/ld+json\" class=\"yoast-schema-graph\">{\"@context\":\"https:\\\/\\\/schema.org\",\"@graph\":[{\"@type\":\"WebPage\",\"@id\":\"https:\\\/\\\/cidreduquebec.com\\\/semaineducidre\\\/activites\\\/degustation-de-cidre-a-la-saq\\\/\",\"url\":\"https:\\\/\\\/cidreduquebec.com\\\/semaineducidre\\\/activites\\\/degustation-de-cidre-a-la-saq\\\/\",\"name\":\"D\u00e9gustation de cidre \u00e0 la SAQ - Semaine du cidre du Qu\u00e9bec\",\"isPartOf\":{\"@id\":\"https:\\\/\\\/cidreduquebec.com\\\/semaineducidre\\\/#website\"},\"primaryImageOfPage\":{\"@id\":\"https:\\\/\\\/cidreduquebec.com\\\/semaineducidre\\\/activites\\\/degustation-de-cidre-a-la-saq\\\/#primaryimage\"},\"image\":{\"@id\":\"https:\\\/\\\/cidreduquebec.com\\\/semaineducidre\\\/activites\\\/degustation-de-cidre-a-la-saq\\\/#primaryimage\"},\"thumbnailUrl\":\"https:\\\/\\\/cidreduquebec.com\\\/semaineducidre\\\/wp-content\\\/uploads\\\/2026\\\/04\\\/SAQ-degustation.jpg\",\"datePublished\":\"2026-04-09T20:45:23+00:00\",\"dateModified\":\"2026-04-22T13:02:44+00:00\",\"breadcrumb\":{\"@id\":\"https:\\\/\\\/cidreduquebec.com\\\/semaineducidre\\\/activites\\\/degustation-de-cidre-a-la-saq\\\/#breadcrumb\"},\"inLanguage\":\"fr-CA\",\"potentialAction\":[{\"@type\":\"ReadAction\",\"target\":[\"https:\\\/\\\/cidreduquebec.com\\\/semaineducidre\\\/activites\\\/degustation-de-cidre-a-la-saq\\\/\"]}]},{\"@type\":\"ImageObject\",\"inLanguage\":\"fr-CA\",\"@id\":\"https:\\\/\\\/cidreduquebec.com\\\/semaineducidre\\\/activites\\\/degustation-de-cidre-a-la-saq\\\/#primaryimage\",\"url\":\"https:\\\/\\\/cidreduquebec.com\\\/semaineducidre\\\/wp-content\\\/uploads\\\/2026\\\/04\\\/SAQ-degustation.jpg\",\"contentUrl\":\"https:\\\/\\\/cidreduquebec.com\\\/semaineducidre\\\/wp-content\\\/uploads\\\/2026\\\/04\\\/SAQ-degustation.jpg\",\"width\":1000,\"height\":630},{\"@type\":\"BreadcrumbList\",\"@id\":\"https:\\\/\\\/cidreduquebec.com\\\/semaineducidre\\\/activites\\\/degustation-de-cidre-a-la-saq\\\/#breadcrumb\",\"itemListElement\":[{\"@type\":\"ListItem\",\"position\":1,\"name\":\"Home\",\"item\":\"https:\\\/\\\/cidreduquebec.com\\\/semaineducidre\\\/\"},{\"@type\":\"ListItem\",\"position\":2,\"name\":\"D\u00e9gustation de cidre \u00e0 la SAQ\"}]},{\"@type\":\"WebSite\",\"@id\":\"https:\\\/\\\/cidreduquebec.com\\\/semaineducidre\\\/#website\",\"url\":\"https:\\\/\\\/cidreduquebec.com\\\/semaineducidre\\\/\",\"name\":\"Semaine du cidre du Qu\u00e9bec\",\"description\":\"Producteurs de cidre du Qu\u00e9bec\",\"publisher\":{\"@id\":\"https:\\\/\\\/cidreduquebec.com\\\/semaineducidre\\\/#organization\"},\"potentialAction\":[{\"@type\":\"SearchAction\",\"target\":{\"@type\":\"EntryPoint\",\"urlTemplate\":\"https:\\\/\\\/cidreduquebec.com\\\/semaineducidre\\\/?s={search_term_string}\"},\"query-input\":{\"@type\":\"PropertyValueSpecification\",\"valueRequired\":true,\"valueName\":\"search_term_string\"}}],\"inLanguage\":\"fr-CA\"},{\"@type\":\"Organization\",\"@id\":\"https:\\\/\\\/cidreduquebec.com\\\/semaineducidre\\\/#organization\",\"name\":\"SEMAINE DU CIDRE DU QU\u00c9BEC\",\"url\":\"https:\\\/\\\/cidreduquebec.com\\\/semaineducidre\\\/\",\"logo\":{\"@type\":\"ImageObject\",\"inLanguage\":\"fr-CA\",\"@id\":\"https:\\\/\\\/cidreduquebec.com\\\/semaineducidre\\\/#\\\/schema\\\/logo\\\/image\\\/\",\"url\":\"https:\\\/\\\/cidreduquebec.com\\\/semaineducidre\\\/wp-content\\\/uploads\\\/2022\\\/03\\\/SDC2022-Logo-Marine-SansDate.png\",\"contentUrl\":\"https:\\\/\\\/cidreduquebec.com\\\/semaineducidre\\\/wp-content\\\/uploads\\\/2022\\\/03\\\/SDC2022-Logo-Marine-SansDate.png\",\"width\":1200,\"height\":1200,\"caption\":\"SEMAINE DU CIDRE DU QU\u00c9BEC\"},\"image\":{\"@id\":\"https:\\\/\\\/cidreduquebec.com\\\/semaineducidre\\\/#\\\/schema\\\/logo\\\/image\\\/\"},\"sameAs\":[\"https:\\\/\\\/www.facebook.com\\\/cidreduquebec\",\"https:\\\/\\\/www.instagram.com\\\/cidreduquebec\"]}]}<\/script>\n<!-- \/ Yoast SEO plugin. -->","yoast_head_json":{"title":"D\u00e9gustation de cidre \u00e0 la SAQ - Semaine du cidre du Qu\u00e9bec","robots":{"index":"noindex","follow":"follow"},"og_locale":"fr_CA","og_type":"article","og_title":"D\u00e9gustation de cidre \u00e0 la SAQ - Semaine du cidre du Qu\u00e9bec","og_description":"Le 15 mai, c&rsquo;est un rendez-vous dans 150 succursales SAQ pour une d\u00e9gustation de cidre! \u00c0 d\u00e9guster :\u00a0 Domaine Lafrance Sangria La Dorada Cidrerie Michel...","og_url":"https:\/\/cidreduquebec.com\/semaineducidre\/activites\/degustation-de-cidre-a-la-saq\/","og_site_name":"Semaine du cidre du Qu\u00e9bec","article_publisher":"https:\/\/www.facebook.com\/cidreduquebec","article_modified_time":"2026-04-22T13:02:44+00:00","og_image":[{"width":1000,"height":630,"url":"https:\/\/cidreduquebec.com\/semaineducidre\/wp-content\/uploads\/2026\/04\/SAQ-degustation.jpg","type":"image\/jpeg"}],"twitter_card":"summary_large_image","twitter_misc":{"Estimation du temps de lecture":"1 minute"},"schema":{"@context":"https:\/\/schema.org","@graph":[{"@type":"WebPage","@id":"https:\/\/cidreduquebec.com\/semaineducidre\/activites\/degustation-de-cidre-a-la-saq\/","url":"https:\/\/cidreduquebec.com\/semaineducidre\/activites\/degustation-de-cidre-a-la-saq\/","name":"D\u00e9gustation de cidre \u00e0 la SAQ - Semaine du cidre du Qu\u00e9bec","isPartOf":{"@id":"https:\/\/cidreduquebec.com\/semaineducidre\/#website"},"primaryImageOfPage":{"@id":"https:\/\/cidreduquebec.com\/semaineducidre\/activites\/degustation-de-cidre-a-la-saq\/#primaryimage"},"image":{"@id":"https:\/\/cidreduquebec.com\/semaineducidre\/activites\/degustation-de-cidre-a-la-saq\/#primaryimage"},"thumbnailUrl":"https:\/\/cidreduquebec.com\/semaineducidre\/wp-content\/uploads\/2026\/04\/SAQ-degustation.jpg","datePublished":"2026-04-09T20:45:23+00:00","dateModified":"2026-04-22T13:02:44+00:00","breadcrumb":{"@id":"https:\/\/cidreduquebec.com\/semaineducidre\/activites\/degustation-de-cidre-a-la-saq\/#breadcrumb"},"inLanguage":"fr-CA","potentialAction":[{"@type":"ReadAction","target":["https:\/\/cidreduquebec.com\/semaineducidre\/activites\/degustation-de-cidre-a-la-saq\/"]}]},{"@type":"ImageObject","inLanguage":"fr-CA","@id":"https:\/\/cidreduquebec.com\/semaineducidre\/activites\/degustation-de-cidre-a-la-saq\/#primaryimage","url":"https:\/\/cidreduquebec.com\/semaineducidre\/wp-content\/uploads\/2026\/04\/SAQ-degustation.jpg","contentUrl":"https:\/\/cidreduquebec.com\/semaineducidre\/wp-content\/uploads\/2026\/04\/SAQ-degustation.jpg","width":1000,"height":630},{"@type":"BreadcrumbList","@id":"https:\/\/cidreduquebec.com\/semaineducidre\/activites\/degustation-de-cidre-a-la-saq\/#breadcrumb","itemListElement":[{"@type":"ListItem","position":1,"name":"Home","item":"https:\/\/cidreduquebec.com\/semaineducidre\/"},{"@type":"ListItem","position":2,"name":"D\u00e9gustation de cidre \u00e0 la SAQ"}]},{"@type":"WebSite","@id":"https:\/\/cidreduquebec.com\/semaineducidre\/#website","url":"https:\/\/cidreduquebec.com\/semaineducidre\/","name":"Semaine du cidre du Qu\u00e9bec","description":"Producteurs de cidre du Qu\u00e9bec","publisher":{"@id":"https:\/\/cidreduquebec.com\/semaineducidre\/#organization"},"potentialAction":[{"@type":"SearchAction","target":{"@type":"EntryPoint","urlTemplate":"https:\/\/cidreduquebec.com\/semaineducidre\/?s={search_term_string}"},"query-input":{"@type":"PropertyValueSpecification","valueRequired":true,"valueName":"search_term_string"}}],"inLanguage":"fr-CA"},{"@type":"Organization","@id":"https:\/\/cidreduquebec.com\/semaineducidre\/#organization","name":"SEMAINE DU CIDRE DU QU\u00c9BEC","url":"https:\/\/cidreduquebec.com\/semaineducidre\/","logo":{"@type":"ImageObject","inLanguage":"fr-CA","@id":"https:\/\/cidreduquebec.com\/semaineducidre\/#\/schema\/logo\/image\/","url":"https:\/\/cidreduquebec.com\/semaineducidre\/wp-content\/uploads\/2022\/03\/SDC2022-Logo-Marine-SansDate.png","contentUrl":"https:\/\/cidreduquebec.com\/semaineducidre\/wp-content\/uploads\/2022\/03\/SDC2022-Logo-Marine-SansDate.png","width":1200,"height":1200,"caption":"SEMAINE DU CIDRE DU QU\u00c9BEC"},"image":{"@id":"https:\/\/cidreduquebec.com\/semaineducidre\/#\/schema\/logo\/image\/"},"sameAs":["https:\/\/www.facebook.com\/cidreduquebec","https:\/\/www.instagram.com\/cidreduquebec"]}]}},"_links":{"self":[{"href":"https:\/\/cidreduquebec.com\/semaineducidre\/wp-json\/wp\/v2\/activites\/11156","targetHints":{"allow":["GET"]}}],"collection":[{"href":"https:\/\/cidreduquebec.com\/semaineducidre\/wp-json\/wp\/v2\/activites"}],"about":[{"href":"https:\/\/cidreduquebec.com\/semaineducidre\/wp-json\/wp\/v2\/types\/activites"}],"wp:featuredmedia":[{"embeddable":true,"href":"https:\/\/cidreduquebec.com\/semaineducidre\/wp-json\/wp\/v2\/media\/11229"}],"wp:attachment":[{"href":"https:\/\/cidreduquebec.com\/semaineducidre\/wp-json\/wp\/v2\/media?parent=11156"}],"curies":[{"name":"wp","href":"https:\/\/api.w.org\/{rel}","templated":true}]}}

Dégustation de cidre à la SAQ

<p>Le 15 mai, c&rsquo;est un rendez-vous dans 150 succursales SAQ pour une dégustation de cidre!</p>
<p><strong>À déguster : </strong></p>
<ul>
<li>Domaine Lafrance Sangria La Dorada</li>
<li>Cidrerie Michel Jodoin Pêche Ananas &#8211; Cidre pétillant</li>
<li>Cidre Lacroix Sangria d&rsquo;Ici</li>
</ul>
<p>&nbsp;</p>

<!-- This site is optimized with the Yoast SEO plugin v27.3 - https://yoast.com/product/yoast-seo-wordpress/ -->
<title>Dégustation de cidre à la SAQ - Semaine du cidre du Québec</title>
<meta name="robots" content="noindex, follow" />
<meta property="og:locale" content="fr_CA" />
<meta property="og:type" content="article" />
<meta property="og:title" content="Dégustation de cidre à la SAQ - Semaine du cidre du Québec" />
<meta property="og:description" content="Le 15 mai, c&rsquo;est un rendez-vous dans 150 succursales SAQ pour une dégustation de cidre! À déguster :  Domaine Lafrance Sangria La Dorada Cidrerie Michel..." />
<meta property="og:url" content="https://cidreduquebec.com/semaineducidre/activites/degustation-de-cidre-a-la-saq/" />
<meta property="og:site_name" content="Semaine du cidre du Québec" />
<meta property="article:publisher" content="https://www.facebook.com/cidreduquebec" />
<meta property="article:modified_time" content="2026-04-22T13:02:44+00:00" />
<meta property="og:image" content="https://cidreduquebec.com/semaineducidre/wp-content/uploads/2026/04/SAQ-degustation.jpg" />
	<meta property="og:image:width" content="1000" />
	<meta property="og:image:height" content="630" />
	<meta property="og:image:type" content="image/jpeg" />
<meta name="twitter:card" content="summary_large_image" />
<meta name="twitter:label1" content="Estimation du temps de lecture" />
	<meta name="twitter:data1" content="1 minute" />
<script type="application/ld+json" class="yoast-schema-graph">{"@context":"https:\/\/schema.org","@graph":[{"@type":"WebPage","@id":"https:\/\/cidreduquebec.com\/semaineducidre\/activites\/degustation-de-cidre-a-la-saq\/","url":"https:\/\/cidreduquebec.com\/semaineducidre\/activites\/degustation-de-cidre-a-la-saq\/","name":"Dégustation de cidre à la SAQ - Semaine du cidre du Québec","isPartOf":{"@id":"https:\/\/cidreduquebec.com\/semaineducidre\/#website"},"primaryImageOfPage":{"@id":"https:\/\/cidreduquebec.com\/semaineducidre\/activites\/degustation-de-cidre-a-la-saq\/#primaryimage"},"image":{"@id":"https:\/\/cidreduquebec.com\/semaineducidre\/activites\/degustation-de-cidre-a-la-saq\/#primaryimage"},"thumbnailUrl":"https:\/\/cidreduquebec.com\/semaineducidre\/wp-content\/uploads\/2026\/04\/SAQ-degustation.jpg","datePublished":"2026-04-09T20:45:23+00:00","dateModified":"2026-04-22T13:02:44+00:00","breadcrumb":{"@id":"https:\/\/cidreduquebec.com\/semaineducidre\/activites\/degustation-de-cidre-a-la-saq\/#breadcrumb"},"inLanguage":"fr-CA","potentialAction":[{"@type":"ReadAction","target":["https:\/\/cidreduquebec.com\/semaineducidre\/activites\/degustation-de-cidre-a-la-saq\/"]}]},{"@type":"ImageObject","inLanguage":"fr-CA","@id":"https:\/\/cidreduquebec.com\/semaineducidre\/activites\/degustation-de-cidre-a-la-saq\/#primaryimage","url":"https:\/\/cidreduquebec.com\/semaineducidre\/wp-content\/uploads\/2026\/04\/SAQ-degustation.jpg","contentUrl":"https:\/\/cidreduquebec.com\/semaineducidre\/wp-content\/uploads\/2026\/04\/SAQ-degustation.jpg","width":1000,"height":630},{"@type":"BreadcrumbList","@id":"https:\/\/cidreduquebec.com\/semaineducidre\/activites\/degustation-de-cidre-a-la-saq\/#breadcrumb","itemListElement":[{"@type":"ListItem","position":1,"name":"Home","item":"https:\/\/cidreduquebec.com\/semaineducidre\/"},{"@type":"ListItem","position":2,"name":"Dégustation de cidre à la SAQ"}]},{"@type":"WebSite","@id":"https:\/\/cidreduquebec.com\/semaineducidre\/#website","url":"https:\/\/cidreduquebec.com\/semaineducidre\/","name":"Semaine du cidre du Québec","description":"Producteurs de cidre du Québec","publisher":{"@id":"https:\/\/cidreduquebec.com\/semaineducidre\/#organization"},"potentialAction":[{"@type":"SearchAction","target":{"@type":"EntryPoint","urlTemplate":"https:\/\/cidreduquebec.com\/semaineducidre\/?s={search_term_string}"},"query-input":{"@type":"PropertyValueSpecification","valueRequired":true,"valueName":"search_term_string"}}],"inLanguage":"fr-CA"},{"@type":"Organization","@id":"https:\/\/cidreduquebec.com\/semaineducidre\/#organization","name":"SEMAINE DU CIDRE DU QUÉBEC","url":"https:\/\/cidreduquebec.com\/semaineducidre\/","logo":{"@type":"ImageObject","inLanguage":"fr-CA","@id":"https:\/\/cidreduquebec.com\/semaineducidre\/#\/schema\/logo\/image\/","url":"https:\/\/cidreduquebec.com\/semaineducidre\/wp-content\/uploads\/2022\/03\/SDC2022-Logo-Marine-SansDate.png","contentUrl":"https:\/\/cidreduquebec.com\/semaineducidre\/wp-content\/uploads\/2022\/03\/SDC2022-Logo-Marine-SansDate.png","width":1200,"height":1200,"caption":"SEMAINE DU CIDRE DU QUÉBEC"},"image":{"@id":"https:\/\/cidreduquebec.com\/semaineducidre\/#\/schema\/logo\/image\/"},"sameAs":["https:\/\/www.facebook.com\/cidreduquebec","https:\/\/www.instagram.com\/cidreduquebec"]}]}</script>
<!-- / Yoast SEO plugin. -->

Dégustation de cidre à la SAQ - Semaine du cidre du Québec

Le 15 mai, c&rsquo;est un rendez-vous dans 150 succursales SAQ pour une dégustation de cidre! À déguster :  Domaine Lafrance Sangria La Dorada Cidrerie Michel...

Semaine du cidre du Québec

Producteurs de cidre du Québec

SEMAINE DU CIDRE DU QUÉBEC
